{"id":2089,"date":"2021-03-01T11:02:20","date_gmt":"2021-03-01T10:02:20","guid":{"rendered":"https:\/\/www.webdesign-desbat.com\/ocdiff\/?page_id=2089"},"modified":"2021-03-08T16:52:09","modified_gmt":"2021-03-08T15:52:09","slug":"cgv","status":"publish","type":"page","link":"https:\/\/www.webdesign-desbat.com\/ocdiff\/cgv\/","title":{"rendered":"CGV"},"content":{"rendered":"\t\t<div data-elementor-type=\"wp-page\" data-elementor-id=\"2089\" class=\"elementor elementor-2089\" data-elementor-settings=\"[]\">\n\t\t\t\t\t\t<div class=\"elementor-inner\">\n\t\t\t\t\t\t\t<div class=\"elementor-section-wrap\">\n\t\t\t\t\t\t\t<section class=\"elementor-section elementor-top-section elementor-element elementor-element-6087932b elementor-section-full_width elementor-section-stretched elementor-section-height-default elementor-section-height-default\" data-id=\"6087932b\" data-element_type=\"section\" data-settings=\"{&quot;stretch_section&quot;:&quot;section-stretched&quot;,&quot;background_background&quot;:&quot;classic&quot;}\">\n\t\t\t\t\t\t<div class=\"elementor-container elementor-column-gap-default\">\n\t\t\t\t\t\t\t<div class=\"elementor-row\">\n\t\t\t\t\t<div class=\"elementor-column elementor-col-100 elementor-top-column elementor-element elementor-element-74353895\" data-id=\"74353895\" data-element_type=\"column\" data-settings=\"{&quot;background_background&quot;:&quot;classic&quot;}\">\n\t\t\t<div class=\"elementor-column-wrap elementor-element-populated\">\n\t\t\t\t\t\t\t<div class=\"elementor-widget-wrap\">\n\t\t\t\t\t\t<div class=\"elementor-element elementor-element-456f07d elementor-widget elementor-widget-heading\" data-id=\"456f07d\" data-element_type=\"widget\" data-widget_type=\"heading.default\">\n\t\t\t\t<div class=\"elementor-widget-container\">\n\t\t\t<h2 class=\"elementor-heading-title elementor-size-default\">CGV<\/h2>\t\t<\/div>\n\t\t\t\t<\/div>\n\t\t\t\t\t\t<\/div>\n\t\t\t\t\t<\/div>\n\t\t<\/div>\n\t\t\t\t\t\t\t\t<\/div>\n\t\t\t\t\t<\/div>\n\t\t<\/section>\n\t\t\t\t<section class=\"elementor-section elementor-top-section elementor-element elementor-element-2cca23c elementor-section-boxed elementor-section-height-default elementor-section-height-default\" data-id=\"2cca23c\" data-element_type=\"section\">\n\t\t\t\t\t\t<div class=\"elementor-container elementor-column-gap-default\">\n\t\t\t\t\t\t\t<div class=\"elementor-row\">\n\t\t\t\t\t<div class=\"elementor-column elementor-col-100 elementor-top-column elementor-element elementor-element-e558cb4\" data-id=\"e558cb4\" data-element_type=\"column\">\n\t\t\t<div class=\"elementor-column-wrap elementor-element-populated\">\n\t\t\t\t\t\t\t<div class=\"elementor-widget-wrap\">\n\t\t\t\t\t\t<div class=\"elementor-element elementor-element-14720fb elementor-widget elementor-widget-spacer\" data-id=\"14720fb\" data-element_type=\"widget\" data-widget_type=\"spacer.default\">\n\t\t\t\t<div class=\"elementor-widget-container\">\n\t\t\t\t\t<div class=\"elementor-spacer\">\n\t\t\t<div class=\"elementor-spacer-inner\"><\/div>\n\t\t<\/div>\n\t\t\t\t<\/div>\n\t\t\t\t<\/div>\n\t\t\t\t\t\t<\/div>\n\t\t\t\t\t<\/div>\n\t\t<\/div>\n\t\t\t\t\t\t\t\t<\/div>\n\t\t\t\t\t<\/div>\n\t\t<\/section>\n\t\t\t\t<section class=\"elementor-section elementor-top-section elementor-element elementor-element-b4d1757 elementor-section-boxed elementor-section-height-default elementor-section-height-default\" data-id=\"b4d1757\" data-element_type=\"section\">\n\t\t\t\t\t\t<div class=\"elementor-container elementor-column-gap-default\">\n\t\t\t\t\t\t\t<div class=\"elementor-row\">\n\t\t\t\t\t<div class=\"elementor-column elementor-col-100 elementor-top-column elementor-element elementor-element-e806e58\" data-id=\"e806e58\" data-element_type=\"column\">\n\t\t\t<div class=\"elementor-column-wrap elementor-element-populated\">\n\t\t\t\t\t\t\t<div class=\"elementor-widget-wrap\">\n\t\t\t\t\t\t<div class=\"elementor-element elementor-element-95a3c19 elementor-widget elementor-widget-text-editor\" data-id=\"95a3c19\" data-element_type=\"widget\" data-widget_type=\"text-editor.default\">\n\t\t\t\t<div class=\"elementor-widget-container\">\n\t\t\t\t\t<div class=\"elementor-text-editor elementor-clearfix\"><div><p><strong>CGV &#8211; OCDIFF<\/strong><\/p><p><em>Cr\u00e9ateur de<\/em><strong><em> MEUBLES EN PLEXIGLASS<\/em><\/strong><\/p><p><strong>Article 1 : Objet<\/strong><\/p><p>Les pr\u00e9sentes conditions g\u00e9n\u00e9rales de vente (ci-apr\u00e8s) r\u00e9gissent les ventes par la soci\u00e9t\u00e9 OCDIFF 1 Boulevard de la Marne 94130 Nogent-sur-Marne, de produits en plexiglass sur mesure.<\/p><p>Toute prestation accomplie par la soci\u00e9t\u00e9 OCDIFF implique l\u2019adh\u00e9sion sans restriction ni r\u00e9serve de l\u2019acheteur aux pr\u00e9sentes conditions g\u00e9n\u00e9rales de vente.<\/p><p>Ces conditions g\u00e9n\u00e9rales sont accessibles \u00e0 tout moment sur le site et sont les seules applicables aux relations entre le Client et OCDIFF. Elles s\u2019appliquent \u00e0 l\u2019exclusion de toutes autres conditions, sauf accord contraire pr\u00e9alable, express et \u00e9crit.<\/p><p>OCDIFF se r\u00e9serve le droit de modifier certains \u00e9l\u00e9ments des pr\u00e9sentes conditions g\u00e9n\u00e9rales de vente \u00e0 tout instant. Il appartient donc au client de prendre connaissance des dites conditions g\u00e9n\u00e9rales de vente en vigueur le jour de sa commande.<\/p><p><strong>Article 2 : Pr\u00e9sentation des produits<\/strong><\/p><p>Les caract\u00e9ristiques des produits propos\u00e9s \u00e0 la vente sont pr\u00e9sent\u00e9es dans la rubrique \u00ab Catalogue \u00bb de notre site et dont l\u2019offre est effective au jour de la commande, tout au moins les caract\u00e9ristiques essentielles compl\u00e9t\u00e9es des descriptifs techniques dans la mesure du possible. Les photographies n\u2019entrent pas dans le champ contractuel. La responsabilit\u00e9 de la soci\u00e9t\u00e9 \u00ab OCDIFF \u00bb ne peut \u00eatre engag\u00e9e si des erreurs s\u2019y sont introduites. Tous les textes et images pr\u00e9sent\u00e9s sur le site OCDIFF sont r\u00e9serv\u00e9s, pour le monde entier, au titre des droits d\u2019auteur et de propri\u00e9t\u00e9 intellectuelle ; leur reproduction, m\u00eame partielle, est strictement interdite.<\/p><p><strong>Article 3 : Prix<\/strong><\/p><p>Les prix de nos produits sont indiqu\u00e9s en euros toutes taxes comprises (TVA et autres taxes applicables au jour de la commande) sauf indication contraire et hors frais de traitement et d\u2019exp\u00e9dition.<\/p><p>Les frais d\u2019exp\u00e9dition sont fonction du lieu de livraison demand\u00e9 par le client ainsi que du poids et du volume de la pi\u00e8ce et de l\u2019emballage n\u00e9cessaire pour l\u2019exp\u00e9dition.<\/p><p>Les frais d\u2019exp\u00e9dition sont en suppl\u00e9ment du prix du ou des produits s\u00e9lectionn\u00e9s. Ils sont indiqu\u00e9s dans le panier et sont valid\u00e9s \u00e0 confirmation de commande.<\/p><p>En cas de commande vers un pays autre que la France m\u00e9tropolitaine, vous \u00eates l\u2019importateur du ou des produits concern\u00e9s. Des droits de douane ou autres taxes locales ou droits d\u2019importation ou taxes d\u2019\u00e9tat sont susceptibles d\u2019\u00eatre exigibles. Ces droits et sommes ne rel\u00e8vent pas du ressort de la soci\u00e9t\u00e9 OCDIFF. Ils seront \u00e0 votre charge et rel\u00e8vent de votre enti\u00e8re responsabilit\u00e9, tant en termes de d\u00e9clarations que de paiements aux autorit\u00e9s et organismes comp\u00e9tents de votre pays. Nous vous conseillons de vous renseigner sur ces aspects aupr\u00e8s de vos autorit\u00e9s locales.<\/p><p>Toutes les commandes quelle que soit leur origine sont payables en euros.<\/p><p>La soci\u00e9t\u00e9 OCDIFF se r\u00e9serve le droit de modifier ses prix \u00e0 tout moment, mais le produit sera factur\u00e9 sur la base du tarif en vigueur au moment de la validation de la commande et sous r\u00e9serve de disponibilit\u00e9.<\/p><p>Les produits demeurent la propri\u00e9t\u00e9 de la soci\u00e9t\u00e9 OCDIFF jusqu\u2019au paiement complet du prix.<\/p><p>Aucun escompte n\u2019est accord\u00e9 pour paiement anticip\u00e9.<\/p><p>Attention : d\u00e8s que vous prenez possession physiquement des produits command\u00e9s, les risques de perte ou d\u2019endommagement des produits vous sont transf\u00e9r\u00e9s.<\/p><p><strong>Article 4 : Commandes<\/strong><\/p><p>Vous pouvez passer commande sur internet :\u00a0<a href=\"https:\/\/www.ocdiff.com\/\" target=\"_blank\" rel=\"noopener\">https:\/\/www.ocdiff.com\/<\/a>, accessible 24heures sur 24.<\/p><p>Attention, les frais de t\u00e9l\u00e9communication lors de l\u2019acc\u00e8s au site et de l\u2019utilisation du site OCDIFF sont \u00e0 la charge du client, de m\u00eame que la mise en place des moyens informatiques et de t\u00e9l\u00e9communication.<\/p><p>Les informations contractuelles sont pr\u00e9sent\u00e9es en langue fran\u00e7aise et feront l\u2019objet d\u2019une confirmation au plus tard au moment de la validation de votre commande.<\/p><p>Le client s\u2019identifie via le formulaire mis \u00e0 sa disposition en indiquant toutes les informations n\u00e9cessaires, notamment son nom ou raison sociale, l\u2019adresse de facturation, l\u2019adresse de livraison, un num\u00e9ro de t\u00e9l\u00e9phone, une adresse mail.<\/p><p>La soci\u00e9t\u00e9 OCDIFF se r\u00e9serve le droit de ne pas enregistrer un paiement, et de ne pas confirmer une commande pour quelque raison que ce soit, et plus particuli\u00e8rement en cas de probl\u00e8me d\u2019approvisionnement, ou en cas de difficult\u00e9 concernant la commande re\u00e7ue.<\/p><p><strong>Le client valide sa commande lorsqu\u2019il active le lien \u00abconfirmez votre commande\u00bb en bas de la page \u00abR\u00e9capitulatif de votre commande\u00bb apr\u00e8s avoir accept\u00e9 les pr\u00e9sentes conditions de vente. Avant cette validation, il est syst\u00e9matiquement propos\u00e9 au client de v\u00e9rifier chacun des \u00e9l\u00e9ments de sa commande, il peut ainsi corriger ses erreurs \u00e9ventuelles.<\/strong><\/p><p>Toute commande figurant sur le site Internet OCDIFF suppose l\u2019adh\u00e9sion aux pr\u00e9sentes Conditions G\u00e9n\u00e9rales de Vente. Toute confirmation de commande entra\u00eene votre adh\u00e9sion pleine et enti\u00e8re aux pr\u00e9sentes conditions g\u00e9n\u00e9rales de vente, sans exception ni r\u00e9serve.<\/p><p><strong>Le client reconnait avoir pris connaissance des pr\u00e9sentes conditions g\u00e9n\u00e9rales de vente et les avoir accept\u00e9 en cochant la case d\u00e9di\u00e9e \u00e0 cet effet avant validation de la commande.<\/strong><\/p><p>L\u2019ensemble des donn\u00e9es fournies et la confirmation enregistr\u00e9e vaudront preuve de la transaction.\u00a0<strong>Celle-ci est archiv\u00e9e par la soci\u00e9t\u00e9 OCDIFF dans les conditions et les d\u00e9lais l\u00e9gaux; le client peut acc\u00e9der \u00e0 cet archivage en contactant le service Relations Clients.<\/strong><\/p><p>Vous d\u00e9clarez en avoir parfaite connaissance.<\/p><p>La confirmation de commande vaudra signature et acceptation des op\u00e9rations effectu\u00e9es.<\/p><p>Un r\u00e9capitulatif des informations de votre commande et des pr\u00e9sentes Conditions G\u00e9n\u00e9rales, vous sera communiqu\u00e9 via l\u2019adresse e-mail de confirmation de votre commande,\u00a0<strong>cette information reprend notamment tous les \u00e9l\u00e9ments de la commande et le droit de r\u00e9tractation du client.<\/strong><\/p><p><strong>Article 5: Paiement<\/strong><\/p><p>Le fait de valider votre commande implique pour vous l\u2019obligation de payer le prix indiqu\u00e9.<\/p><p>Le r\u00e8glement de vos achats s\u2019effectue par carte bancaire (carte bleue, visa, mastercard, \u2026) sur l\u2019espace de paiement s\u00e9curis\u00e9 de STRIPE.<\/p><p>Le montant de la commande est d\u00e9bit\u00e9 de la carte au moment de la validation de la commande, apr\u00e8s autorisation du centre de paiement STRIPE, faute de quoi la commande sera annul\u00e9e.<\/p><p><strong>Article 6 : R\u00e9tractation<\/strong><\/p><p>Conform\u00e9ment aux dispositions de l\u2019article L.121-20 du Code de la Consommation, vous disposez d\u2019un d\u00e9lai de r\u00e9tractation de 7 jours \u00e0 compter de la r\u00e9ception de vos produits pour exercer votre droit de r\u00e9tractation ou pour toute r\u00e9clamation.<\/p><p>La commande peut \u00eatre annul\u00e9e, le retour du produit, accompagn\u00e9 de la facture, se faisant \u00e0 la charge et aux risques du client.<\/p><p>Toute r\u00e9tractation ou r\u00e9clamation doit \u00eatre notifi\u00e9e par lettre recommand\u00e9e \u00e0 l\u2019adresse suivante : <br \/>OCDIFF 1 Boulevard de la Marne 94130 Nogent-sur-Marne 06 30 44 95 92<\/p><p>La soci\u00e9t\u00e9 OCDIFF traitera alors la r\u00e9clamation ou l\u2019annulation de commande en prenant contact par mail ou par t\u00e9l\u00e9phone avec le client, afin d\u2019organiser le retour du produit.<\/p><p>Le non-respect de la proc\u00e9dure de notification annulera tout retour.<\/p><p>Les retours sont \u00e0 effectuer dans leur \u00e9tat d\u2019origine et complets. Dans ce cadre, la responsabilit\u00e9 du client est engag\u00e9e. Tout dommage subi par le produit \u00e0 cette occasion peut \u00eatre de nature \u00e0 faire \u00e9chec au droit de r\u00e9tractation.<\/p><p>En cas d\u2019exercice du droit de r\u00e9tractation, la soci\u00e9t\u00e9 OCDIFF proc\u00e9dera au remboursement des sommes vers\u00e9es, dans un d\u00e9lai de 30 jours suivant la notification de votre demande, le remboursement s\u2019effectuera selon les modalit\u00e9s suivantes : par ch\u00e8que ou par virement bancaire.<\/p><p>EXCEPTIONS AU DROIT DE RETRACTATION<\/p><p>Celui-ci ne peut \u00eatre exerc\u00e9 par le client conform\u00e9ment \u00e0 l\u2019article L. 121-20-2 du Code de la Consommation s\u2019il s\u2019agit d\u2019un produit fabriqu\u00e9 sur mesure selon les caract\u00e9ristiques sp\u00e9cifi\u00e9es par le client : la d\u00e9coupe sur mesure ou les pi\u00e8ces sur mesure font donc exception au droit de r\u00e9tractation<\/p><p><strong>Article 7 : Garantie<\/strong><\/p><p>Conform\u00e9ment \u00e0 la loi, les produits sont soumis \u00e0 la garantie l\u00e9gale de conformit\u00e9 et \u00e0 la garantie l\u00e9gale relative aux vices cach\u00e9s des produits.<\/p><p>Le client devra suivre la proc\u00e9dure suivante afin de faire valoir ses droits\u00a0: il devra nous adresser une r\u00e9clamation par courrier en joignant une photographie illustrant le vice cach\u00e9 ou la non-conformit\u00e9.<\/p><p>La garantie entrera en vigueur, toutefois le remboursement ne portera que sur le vice-cach\u00e9 ou la non-conformit\u00e9 du produit. De plus, toute demande d\u2019indemnisation pour dommages indirects ou autre pr\u00e9judice financier caus\u00e9 au client ou \u00e0 un tiers ne pourra \u00eatre oppos\u00e9e \u00e0 la soci\u00e9t\u00e9 A Plastic 94, la garantie ne portant que sur que l\u2019\u00e9ventuelle non-conformit\u00e9 ou le vice-cach\u00e9 du produit.<\/p><p>La responsabilit\u00e9 OCDIFF ne saura \u00e9galement \u00eatre engag\u00e9e en cas d\u2019erreur du client : erreur de saisies, erreur de mesures, produit non compatible ou non adapt\u00e9 \u00e0 l\u2019usage fait par le client, le choix et l\u2019achat du produit \u00e9tant sous la seule responsabilit\u00e9 du client. Il ne sera effectu\u00e9 aucun d\u00e9dommagement ou remboursement hormis dans le cadre d\u2019un vice-cach\u00e9, d\u2019une non-conformit\u00e9 du produit ou encore de l\u2019exercice du droit de r\u00e9traction selon le respect de la proc\u00e9dure comme stipul\u00e9 articles 6 et 7.<\/p><p>De m\u00eame, la responsabilit\u00e9 de la soci\u00e9t\u00e9 OCDIFF ne saura \u00eatre engag\u00e9e en cas de force majeure reconnue selon la jurisprudence fran\u00e7aise impliquant la d\u00e9faillance ou l\u2019inex\u00e9cution de la prestation demand\u00e9e.<\/p><p><strong>Article 8 : Disponibilit\u00e9<\/strong><\/p><p>Nos produits sont propos\u00e9s tant qu\u2019ils sont visibles sur le site Plexi de Paris et dans la limite des stocks disponibles. Pour les produits non stock\u00e9s, nos offres sont valables sous r\u00e9serve de disponibilit\u00e9 mati\u00e8re chez nos fournisseurs.<\/p><p>En cas d\u2019indisponibilit\u00e9 de produit apr\u00e8s passation de votre commande, nous vous en informerons par mail ou par courrier postal dans les meilleurs d\u00e9lais. Votre commande sera automatiquement annul\u00e9e.<\/p><p><strong>Article 9 : Livraison<\/strong><\/p><p>L\u2019exp\u00e9dition des produits est limit\u00e9e \u00e0 la France m\u00e9tropolitaine et \u00e0 Monaco.<\/p><p>A Plastic 94 se r\u00e9serve de mettre uniquement \u00e0 disposition en ses locaux tout colis dont le volume ou le contenant ne permettent une exp\u00e9dition en transport classique, sous pour des raisons de colis hors norme n\u00e9cessitant un envoi sp\u00e9cifique soit pour des risques de dommages trop importants li\u00e9s au transport de la marchandise.<\/p><p>La livraison est effectu\u00e9e soit par la remise directe de la marchandise \u00e0 l\u2019acheteur soit au lieu indiqu\u00e9 par l\u2019acheteur sur le bon de commande soit par l\u2019envoi d\u2019un avis de mise \u00e0 disposition en nos locaux \u00e0 l\u2019attention de l\u2019acheteur.<\/p><p>Le d\u00e9lai de livraison indiqu\u00e9 lors de l\u2019enregistrement de la commande n\u2019est donn\u00e9 qu\u2019\u00e0 titre indicatif et n\u2019est aucunement garanti. Par voie de cons\u00e9quence, tout retard raisonnable dans la livraison de produits ne pourra donner lieu au profit de l\u2019acheteur \u00e0 l\u2019allocation de dommages et int\u00e9r\u00eats et \u00e0 l\u2019annulation de commande.<\/p><p>Le risque du transport est support\u00e9 en totalit\u00e9 par l\u2019acheteur. En cas de marchandises manquantes ou d\u00e9t\u00e9rior\u00e9es lors du transport, l\u2019acheteur devra formuler toutes les r\u00e9serves n\u00e9cessaires sur le bon de livraison \u00e0 r\u00e9ception des dites marchandises. Ces r\u00e9serves devront en outre \u00eatre confirm\u00e9es par \u00e9crit dans les cinq jours suivant la livraison, par courrier recommand\u00e9 AR.<\/p><p><strong>Article 10 : Relations clients<\/strong><\/p><p>Pour toute information, question ou r\u00e9clamation, le client peut s\u2019adresser du lundi au jeudi de 9h00 \u00e0 11h45 et de 13h30 \u00e0 17h30, 16h30 le vendredi au service Relations Clients de la soci\u00e9t\u00e9<\/p><p>Adresse: \u00a0\u00a0<br \/>OCDIFF<br \/>1 Boulevard de la Marne<br \/>94130 Nogent-sur-Marne\u00a0\u00a0\u00a0<br \/><em>Mail :<a href=\"mailto:contact@ocdiff.com\" target=\"_blank\" rel=\"noopener\">contact@ocdiff.com<\/a><br \/>T\u00e9l : 06 30 44 95 92<\/em><\/p><p><strong>Article 11 : Responsabilit\u00e9<\/strong><\/p><p>Les produits propos\u00e9s sont conformes \u00e0 la l\u00e9gislation fran\u00e7aise en vigueur. La responsabilit\u00e9 de la soci\u00e9t\u00e9 OCDIFF ne saurait \u00eatre engag\u00e9e en cas de non-respect de la l\u00e9gislation du pays o\u00f9 le produit est livr\u00e9. Il vous appartient de v\u00e9rifier aupr\u00e8s des autorit\u00e9s locales les possibilit\u00e9s d\u2019importation ou d\u2019utilisation des produits ou services que vous envisagez de commander.<\/p><p>Par ailleurs, la soci\u00e9t\u00e9 OCDIFF ne saurait \u00eatre tenue pour responsable des dommages r\u00e9sultant d\u2019une mauvaise utilisation du produit achet\u00e9.<\/p><p>Enfin, la responsabilit\u00e9 de la soci\u00e9t\u00e9 OCDIFF ne saurait \u00eatre engag\u00e9e pour tous les inconv\u00e9nients ou dommages inh\u00e9rents \u00e0 l\u2019utilisation du r\u00e9seau Internet, notamment une rupture de service, une intrusion ext\u00e9rieure ou la pr\u00e9sence de virus informatiques.<\/p><p><strong>Article 12 : Droit applicable en cas de litiges<\/strong><\/p><p>La langue du pr\u00e9sent contrat est la langue fran\u00e7aise. Les pr\u00e9sentes conditions de vente sont soumises \u00e0 la loi fran\u00e7aise. En cas de litige, les tribunaux fran\u00e7ais seront les seuls comp\u00e9tents.<\/p><p>Les parties s\u2019engagent \u00e0 trouver un recours amiable avant tout contentieux<\/p><p><strong>Article 13 : Propri\u00e9t\u00e9 intellectuelle<\/strong><\/p><p>Tous les \u00e9l\u00e9ments du site OCDIFF sont et restent la propri\u00e9t\u00e9 intellectuelle et exclusive de la soci\u00e9t\u00e9 OCDIFF. Nul n\u2019est autoris\u00e9 \u00e0 reproduire, exploiter, rediffuser, ou utiliser \u00e0 quelque titre que ce soit, m\u00eame partiellement, des \u00e9l\u00e9ments du site qu\u2019ils soient logiciels, visuels ou sonores. Tout lien simple ou par hypertexte est strictement interdit sans un accord \u00e9crit expr\u00e8s aupr\u00e8s de la soci\u00e9t\u00e9 OCDIFF<\/p><p><strong>Article 14 : Donn\u00e9es personnelles<\/strong><\/p><p>La soci\u00e9t\u00e9 OCDIFF se r\u00e9serve le droit de collecter les informations nominatives et les donn\u00e9es personnelles vous concernant. Elles sont n\u00e9cessaires \u00e0 la gestion de votre commande, ainsi qu\u2019\u00e0 l\u2019am\u00e9lioration des services et des informations que nous vous adressons.<\/p><p>Elles peuvent aussi \u00eatre transmises aux soci\u00e9t\u00e9s qui contribuent \u00e0 ces relations, telles que celles charg\u00e9es de l\u2019ex\u00e9cution des services et commandes pour leur gestion, ex\u00e9cution, traitement et paiement.<\/p><p>Ces informations et donn\u00e9es sont \u00e9galement conserv\u00e9es \u00e0 des fins de s\u00e9curit\u00e9, afin de respecter les obligations l\u00e9gales et r\u00e9glementaires.<\/p><p>Conform\u00e9ment \u00e0 la loi du 6 janvier 1978, vous disposez d\u2019un droit d\u2019acc\u00e8s, de rectification et d\u2019opposition aux informations nominatives et aux donn\u00e9es personnelles vous concernant,\u00a0<strong>par courrier\u00a0 adresse : <br \/>OCDIFF<br \/>1 Boulevard de la Marne<br \/>94130 Nogent-sur-Marne\u00a0\u00a0\u00a0<br \/>Mail :contact@ocdiff.com<br \/>T\u00e9l : 06 30 44 95 92<\/strong><\/p><p><strong>OU\u00a0 directement sur le site Internet.<\/strong><\/p><p><strong>Cookies :<\/strong><\/p><p>En poursuivant votre navigation sur ce site, vous acceptez le d\u00e9p\u00f4t de cookies destin\u00e9s \u00e0 vous proposer une navigation performante durant votre visite sur notre site. Ces cookies permettent la gestion du panier d&rsquo;achat.<\/p><p>Conform\u00e9ment au R\u00e8glement sur la Protection des Donn\u00e9es (RGPD) et \u00e0 la loi n\u00b0 78-17 du 6 janvier 1978 relative \u00e0 l&rsquo;informatique, aux fichiers et aux libert\u00e9s, nous avons mis en place une politique de confidentialit\u00e9.<\/p><p><strong>Article 15 : Archivage Preuve<\/strong><\/p><p><strong>La soci\u00e9t\u00e9 OCDIFF archivera les bons de commande et les factures sur un support fiable et durable constituant une copie fid\u00e8le conform\u00e9ment aux dispositions de l\u2019article 1348 du Code Civil.<\/strong><\/p><p><b>Les registres informatis\u00e9s de la soci\u00e9t\u00e9 https:\/\/bonnaire-batiment.com\/\u00a0seront consid\u00e9r\u00e9s par toutes les parties concern\u00e9es comme preuve des communications, commandes, paiements et transactions intervenus entre les parties.<\/b><\/p><\/div><\/div>\n\t\t\t\t<\/div>\n\t\t\t\t<\/div>\n\t\t\t\t\t\t<\/div>\n\t\t\t\t\t<\/div>\n\t\t<\/div>\n\t\t\t\t\t\t\t\t<\/div>\n\t\t\t\t\t<\/div>\n\t\t<\/section>\n\t\t\t\t\t\t<\/div>\n\t\t\t\t\t\t<\/div>\n\t\t\t\t\t<\/div>\n\t\t","protected":false},"excerpt":{"rendered":"<p>CGV CGV &#8211; OCDIFF Cr\u00e9ateur de MEUBLES EN PLEXIGLASS Article 1 : Objet Les pr\u00e9sentes conditions g\u00e9n\u00e9rales de vente (ci-apr\u00e8s) r\u00e9gissent les ventes par la soci\u00e9t\u00e9 OCDIFF 1 Boulevard de la Marne 94130 Nogent-sur-Marne, de produits en plexiglass sur mesure. Toute prestation accomplie par la soci\u00e9t\u00e9 OCDIFF implique l\u2019adh\u00e9sion sans restriction ni r\u00e9serve de l\u2019acheteur\u2026<\/p>\n","protected":false},"author":1,"featured_media":0,"parent":0,"menu_order":0,"comment_status":"closed","ping_status":"closed","template":"","meta":{"footnotes":""},"class_list":["post-2089","page","type-page","status-publish","hentry","entry","owp-thumbs-layout-horizontal","owp-btn-normal","owp-tabs-layout-horizontal","has-no-thumbnails","has-product-nav"],"yoast_head":"<!-- This site is optimized with the Yoast SEO plugin v15.5 - https:\/\/yoast.com\/wordpress\/plugins\/seo\/ -->\n<title>CGV - Ocdiff<\/title>\n<meta name=\"robots\" content=\"index, follow, max-snippet:-1, max-image-preview:large, max-video-preview:-1\" \/>\n<link rel=\"canonical\" href=\"https:\/\/www.webdesign-desbat.com\/ocdiff\/cgv\/\" \/>\n<meta property=\"og:locale\" content=\"fr_FR\" \/>\n<meta property=\"og:type\" content=\"article\" \/>\n<meta property=\"og:title\" content=\"CGV - Ocdiff\" \/>\n<meta property=\"og:description\" content=\"CGV CGV &#8211; OCDIFF Cr\u00e9ateur de MEUBLES EN PLEXIGLASS Article 1 : Objet Les pr\u00e9sentes conditions g\u00e9n\u00e9rales de vente (ci-apr\u00e8s) r\u00e9gissent les ventes par la soci\u00e9t\u00e9 OCDIFF 1 Boulevard de la Marne 94130 Nogent-sur-Marne, de produits en plexiglass sur mesure. Toute prestation accomplie par la soci\u00e9t\u00e9 OCDIFF implique l\u2019adh\u00e9sion sans restriction ni r\u00e9serve de l\u2019acheteur\u2026\" \/>\n<meta property=\"og:url\" content=\"https:\/\/www.webdesign-desbat.com\/ocdiff\/cgv\/\" \/>\n<meta property=\"og:site_name\" content=\"Ocdiff\" \/>\n<meta property=\"article:modified_time\" content=\"2021-03-08T15:52:09+00:00\" \/>\n<meta name=\"twitter:card\" content=\"summary_large_image\" \/>\n<meta name=\"twitter:label1\" content=\"Dur\u00e9e de lecture est.\">\n\t<meta name=\"twitter:data1\" content=\"10 minutes\">\n<script type=\"application\/ld+json\" class=\"yoast-schema-graph\">{\"@context\":\"https:\/\/schema.org\",\"@graph\":[{\"@type\":\"WebSite\",\"@id\":\"https:\/\/www.webdesign-desbat.com\/ocdiff\/#website\",\"url\":\"https:\/\/www.webdesign-desbat.com\/ocdiff\/\",\"name\":\"Ocdiff\",\"description\":\"Conception et r\\u00e9alisation  de meubles  sur-mesure en Plexiglas, protection comptoir, bacs soldeurs\",\"potentialAction\":[{\"@type\":\"SearchAction\",\"target\":\"https:\/\/www.webdesign-desbat.com\/ocdiff\/?s={search_term_string}\",\"query-input\":\"required name=search_term_string\"}],\"inLanguage\":\"fr-FR\"},{\"@type\":\"WebPage\",\"@id\":\"https:\/\/www.webdesign-desbat.com\/ocdiff\/cgv\/#webpage\",\"url\":\"https:\/\/www.webdesign-desbat.com\/ocdiff\/cgv\/\",\"name\":\"CGV - Ocdiff\",\"isPartOf\":{\"@id\":\"https:\/\/www.webdesign-desbat.com\/ocdiff\/#website\"},\"datePublished\":\"2021-03-01T10:02:20+00:00\",\"dateModified\":\"2021-03-08T15:52:09+00:00\",\"inLanguage\":\"fr-FR\",\"potentialAction\":[{\"@type\":\"ReadAction\",\"target\":[\"https:\/\/www.webdesign-desbat.com\/ocdiff\/cgv\/\"]}]}]}<\/script>\n<!-- \/ Yoast SEO plugin. -->","_links":{"self":[{"href":"https:\/\/www.webdesign-desbat.com\/ocdiff\/wp-json\/wp\/v2\/pages\/2089","targetHints":{"allow":["GET"]}}],"collection":[{"href":"https:\/\/www.webdesign-desbat.com\/ocdiff\/wp-json\/wp\/v2\/pages"}],"about":[{"href":"https:\/\/www.webdesign-desbat.com\/ocdiff\/wp-json\/wp\/v2\/types\/page"}],"author":[{"embeddable":true,"href":"https:\/\/www.webdesign-desbat.com\/ocdiff\/wp-json\/wp\/v2\/users\/1"}],"replies":[{"embeddable":true,"href":"https:\/\/www.webdesign-desbat.com\/ocdiff\/wp-json\/wp\/v2\/comments?post=2089"}],"version-history":[{"count":0,"href":"https:\/\/www.webdesign-desbat.com\/ocdiff\/wp-json\/wp\/v2\/pages\/2089\/revisions"}],"wp:attachment":[{"href":"https:\/\/www.webdesign-desbat.com\/ocdiff\/wp-json\/wp\/v2\/media?parent=2089"}],"curies":[{"name":"wp","href":"https:\/\/api.w.org\/{rel}","templated":true}]}}