{"id":1994,"date":"2021-02-22T18:20:29","date_gmt":"2021-02-22T17:20:29","guid":{"rendered":"https:\/\/www.webdesign-desbat.com\/ocdiff\/?post_type=product&#038;p=1994"},"modified":"2021-04-12T20:34:54","modified_gmt":"2021-04-12T18:34:54","slug":"sur-elevateur-pour-bac-soldeur-plexiglass","status":"publish","type":"product","link":"https:\/\/www.webdesign-desbat.com\/ocdiff\/produit\/sur-elevateur-pour-bac-soldeur-plexiglass\/","title":{"rendered":"Sur \u00e9l\u00e9vateur pour bac soldeurs plexiglass"},"content":{"rendered":"","protected":false},"excerpt":{"rendered":"<h3>Sur \u00e9l\u00e9vateur pour bac soldeur plexiglass<\/h3>\n<p>R\u00e9f\u00e9rence : <strong>SUR15<br \/>\n<\/strong>Longueur :<strong> 154 cm<br \/>\n<\/strong>Largeur :<strong> 56 cm<br \/>\n<\/strong>Hauteur :<strong>49 cm<\/strong><\/p>\n","protected":false},"featured_media":1875,"comment_status":"closed","ping_status":"closed","template":"","meta":[],"class_list":{"0":"post-1994","1":"product","2":"type-product","3":"status-publish","4":"has-post-thumbnail","5":"hentry","6":"product_cat-bac-soldeur","7":"product_cat-sur-elevateur-pour-bac-soldeur","9":"entry","10":"has-media","11":"owp-thumbs-layout-horizontal","12":"owp-btn-normal","13":"owp-tabs-layout-horizontal","14":"has-no-thumbnails","15":"has-product-nav"},"yoast_head":"<!-- This site is optimized with the Yoast SEO plugin v15.5 - https:\/\/yoast.com\/wordpress\/plugins\/seo\/ -->\n<title>Sur \u00e9l\u00e9vateur pour bac soldeurs plexiglass - Ocdiff<\/title>\n<meta name=\"robots\" content=\"index, follow, max-snippet:-1, max-image-preview:large, max-video-preview:-1\" \/>\n<link rel=\"canonical\" href=\"https:\/\/www.webdesign-desbat.com\/ocdiff\/produit\/sur-elevateur-pour-bac-soldeur-plexiglass\/\" \/>\n<meta property=\"og:locale\" content=\"fr_FR\" \/>\n<meta property=\"og:type\" content=\"article\" \/>\n<meta property=\"og:title\" content=\"Sur \u00e9l\u00e9vateur pour bac soldeurs plexiglass - Ocdiff\" \/>\n<meta property=\"og:description\" content=\"Sur \u00e9l\u00e9vateur pour bac soldeur plexiglass R\u00e9f\u00e9rence : SUR15 Longueur : 154 cm Largeur : 56 cm Hauteur :49 cm\" \/>\n<meta property=\"og:url\" content=\"https:\/\/www.webdesign-desbat.com\/ocdiff\/produit\/sur-elevateur-pour-bac-soldeur-plexiglass\/\" \/>\n<meta property=\"og:site_name\" content=\"Ocdiff\" \/>\n<meta property=\"article:modified_time\" content=\"2021-04-12T18:34:54+00:00\" \/>\n<meta property=\"og:image\" content=\"https:\/\/www.webdesign-desbat.com\/ocdiff\/wp-content\/uploads\/2021\/02\/bac-soldeur-accueil.jpg\" \/>\n\t<meta property=\"og:image:width\" content=\"729\" \/>\n\t<meta property=\"og:image:height\" content=\"800\" \/>\n<meta name=\"twitter:card\" content=\"summary_large_image\" \/>\n<script type=\"application\/ld+json\" class=\"yoast-schema-graph\">{\"@context\":\"https:\/\/schema.org\",\"@graph\":[{\"@type\":\"WebSite\",\"@id\":\"https:\/\/www.webdesign-desbat.com\/ocdiff\/#website\",\"url\":\"https:\/\/www.webdesign-desbat.com\/ocdiff\/\",\"name\":\"Ocdiff\",\"description\":\"Conception et r\\u00e9alisation  de meubles  sur-mesure en Plexiglas, protection comptoir, bacs soldeurs\",\"potentialAction\":[{\"@type\":\"SearchAction\",\"target\":\"https:\/\/www.webdesign-desbat.com\/ocdiff\/?s={search_term_string}\",\"query-input\":\"required name=search_term_string\"}],\"inLanguage\":\"fr-FR\"},{\"@type\":\"ImageObject\",\"@id\":\"https:\/\/www.webdesign-desbat.com\/ocdiff\/produit\/sur-elevateur-pour-bac-soldeur-plexiglass\/#primaryimage\",\"inLanguage\":\"fr-FR\",\"url\":\"https:\/\/www.webdesign-desbat.com\/ocdiff\/wp-content\/uploads\/2021\/02\/bac-soldeur-accueil.jpg\",\"width\":729,\"height\":800,\"caption\":\"bac soldeur plexiglass\"},{\"@type\":\"WebPage\",\"@id\":\"https:\/\/www.webdesign-desbat.com\/ocdiff\/produit\/sur-elevateur-pour-bac-soldeur-plexiglass\/#webpage\",\"url\":\"https:\/\/www.webdesign-desbat.com\/ocdiff\/produit\/sur-elevateur-pour-bac-soldeur-plexiglass\/\",\"name\":\"Sur \\u00e9l\\u00e9vateur pour bac soldeurs plexiglass - Ocdiff\",\"isPartOf\":{\"@id\":\"https:\/\/www.webdesign-desbat.com\/ocdiff\/#website\"},\"primaryImageOfPage\":{\"@id\":\"https:\/\/www.webdesign-desbat.com\/ocdiff\/produit\/sur-elevateur-pour-bac-soldeur-plexiglass\/#primaryimage\"},\"datePublished\":\"2021-02-22T17:20:29+00:00\",\"dateModified\":\"2021-04-12T18:34:54+00:00\",\"inLanguage\":\"fr-FR\",\"potentialAction\":[{\"@type\":\"ReadAction\",\"target\":[\"https:\/\/www.webdesign-desbat.com\/ocdiff\/produit\/sur-elevateur-pour-bac-soldeur-plexiglass\/\"]}]}]}<\/script>\n<!-- \/ Yoast SEO plugin. -->","_links":{"self":[{"href":"https:\/\/www.webdesign-desbat.com\/ocdiff\/wp-json\/wp\/v2\/product\/1994","targetHints":{"allow":["GET"]}}],"collection":[{"href":"https:\/\/www.webdesign-desbat.com\/ocdiff\/wp-json\/wp\/v2\/product"}],"about":[{"href":"https:\/\/www.webdesign-desbat.com\/ocdiff\/wp-json\/wp\/v2\/types\/product"}],"replies":[{"embeddable":true,"href":"https:\/\/www.webdesign-desbat.com\/ocdiff\/wp-json\/wp\/v2\/comments?post=1994"}],"wp:featuredmedia":[{"embeddable":true,"href":"https:\/\/www.webdesign-desbat.com\/ocdiff\/wp-json\/wp\/v2\/media\/1875"}],"wp:attachment":[{"href":"https:\/\/www.webdesign-desbat.com\/ocdiff\/wp-json\/wp\/v2\/media?parent=1994"}],"curies":[{"name":"wp","href":"https:\/\/api.w.org\/{rel}","templated":true}]}}